{"id":314,"date":"2019-05-22T08:07:02","date_gmt":"2019-05-22T08:07:02","guid":{"rendered":"https:\/\/teknosald-vjen.com\/index.php\/home\/"},"modified":"2019-05-22T14:43:56","modified_gmt":"2019-05-22T14:43:56","slug":"home","status":"publish","type":"page","link":"https:\/\/teknosald-vjen.com\/index.php\/home\/?lang=it","title":{"rendered":"HOME"},"content":{"rendered":"<div class=\"wpb-content-wrapper\"><p>[vc_row][vc_column][vc_custom_heading text=&#8221;NOI PROGETTIAMO LA RISOLUZIONE COMUNE&#8221; font_container=&#8221;tag:h2|font_size:24px|text_align:center|color:%23158ab1&#8243; google_fonts=&#8221;font_family:Roboto%3A100%2C100italic%2C300%2C300italic%2Cregular%2Citalic%2C500%2C500italic%2C700%2C700italic%2C900%2C900italic|font_style:700%20bold%20regular%3A700%3Anormal&#8221;][vc_empty_space height=&#8221;15px&#8221;][vc_column_text]<\/p>\n<p style=\"text-align: center;\"><span style=\"color: #000000;\">Teknosald Vjen sh.p.k \u00e8 una societ\u00e0 che opera nel mercato Albanese dal 2007 nel campio del commercio di vari materiali di saldatura e macchinari industriali di ogni genere. La nostra gama di prodotti e\u2019 composta da parti per il plasma, TIG, MIG, Arco sommerso, tutti i tipi di materiali di consumo. Non solo materiale di consumo ma vi ofriamo anche macchinari industriali in base alle vostre esigenze. Siamo distributore esclusivo per l\u2019Albania degli prodotti Lincoln Electric e Harris, che sono leader nei mercati mondiali in termini di materiali e di macchina di taglio, saldatura laser e ossigeno. La nostra gamma di prodotti soddisfa le esigenze di qualit\u00e0 e prezzo ragionevole. La novit\u00e0 di questo anno \u00e8 la collaborazione con la Michelangelo Scuola di Saldatura, una della scuole pi\u00f9 eccellenti nell\u2019ambito della certificazione, formazione e specializzazione dei saldatori secondo le Normative UE UNI EN ISO 9606.<\/span><\/p>\n<p>&nbsp;<\/p>\n<p>[\/vc_column_text][\/vc_column][\/vc_row][vc_row][vc_column width=&#8221;1\/4&#8243; offset=&#8221;vc_hidden-sm vc_hidden-xs&#8221;]<div class=\"ult-content-box-container \" >\t\t<div class=\"ult-content-box\" style=\"background-color:#158ab1;box-shadow: px px px px none;padding:3px;-webkit-transition: all 700ms ease;-moz-transition: all 700ms ease;-ms-transition: all 700ms ease;-o-transition: all 700ms ease;transition: all 700ms ease;\"  data-hover_box_shadow=\"none\"     data-bg=\"#158ab1\" >[vc_custom_heading text=&#8221;Macchine per la lavo. del met&#8221; font_container=&#8221;tag:h4|text_align:center|color:%23ffffff&#8221; google_fonts=&#8221;font_family:Roboto%3A100%2C100italic%2C300%2C300italic%2Cregular%2Citalic%2C500%2C500italic%2C700%2C700italic%2C900%2C900italic|font_style:400%20regular%3A400%3Anormal&#8221;]\t\t<\/div><\/div>[vc_single_image image=&#8221;16&#8243; img_size=&#8221;full&#8221;][vc_column_text]<\/p>\n<p style=\"text-align: justify;\"><span style=\"color: #000000;\">Macchinari di ultima generazione nuovi oppure usati, per ogni processo e allo scopo di sodisfare tutte le esigenze del processo lavorativo.<\/span><\/p>\n<p>[\/vc_column_text]<div class=\"ult-content-box-container row\" >\t\t<div class=\"ult-content-box\" style=\"background-color:#158ab1;box-shadow: px px px px none;padding:3px;-webkit-transition: all 700ms ease;-moz-transition: all 700ms ease;-ms-transition: all 700ms ease;-o-transition: all 700ms ease;transition: all 700ms ease;\"  data-hover_box_shadow=\"none\"     data-bg=\"#158ab1\" >[vc_custom_heading text=&#8221;Leggi di pi\u00f9\u2026&#8221; font_container=&#8221;tag:h5|text_align:center|color:%23ffffff&#8221; google_fonts=&#8221;font_family:Roboto%3A100%2C100italic%2C300%2C300italic%2Cregular%2Citalic%2C500%2C500italic%2C700%2C700italic%2C900%2C900italic|font_style:400%20regular%3A400%3Anormal&#8221; link=&#8221;url:https%3A%2F%2Fteknosald-vjen.com%2Findex.php%2Fmakineri-perpunimi-metali%2F%3Flang%3Dit|title:Macchine%20per%20la%20lavorazione%20del%20metallo||&#8221;]\t\t<\/div><\/div>[\/vc_column][vc_column width=&#8221;1\/4&#8243; offset=&#8221;vc_hidden-sm vc_hidden-xs&#8221;]<div class=\"ult-content-box-container \" >\t\t<div class=\"ult-content-box\" style=\"background-color:#158ab1;box-shadow: px px px px none;padding:3px;-webkit-transition: all 700ms ease;-moz-transition: all 700ms ease;-ms-transition: all 700ms ease;-o-transition: all 700ms ease;transition: all 700ms ease;\"  data-hover_box_shadow=\"none\"     data-bg=\"#158ab1\" >[vc_custom_heading text=&#8221;Generatori di sald. e taglio&#8221; font_container=&#8221;tag:h4|text_align:center|color:%23ffffff&#8221; google_fonts=&#8221;font_family:Roboto%3A100%2C100italic%2C300%2C300italic%2Cregular%2Citalic%2C500%2C500italic%2C700%2C700italic%2C900%2C900italic|font_style:400%20regular%3A400%3Anormal&#8221;]\t\t<\/div><\/div>[vc_single_image image=&#8221;19&#8243; img_size=&#8221;full&#8221;][vc_column_text]<\/p>\n<p style=\"text-align: justify;\"><span style=\"color: #000000;\">Generatori di alta qualit\u00e0 per tutti i tipi di saldatura o taglio. Efficienza tecnica, massimo risultato con il minimo di costo.<\/span><\/p>\n<p>[\/vc_column_text]<div class=\"ult-content-box-container \" >\t<a class=\"ult-content-box-anchor\" href=\"https:\/\/teknosald-vjen.com\/index.php\/gjeneratore-saldimi-prerje\/?lang=it\" title=\"Generatori di saldatura e taglio\" >\t\t<div class=\"ult-content-box\" style=\"background-color:#158ab1;box-shadow: px px px px none;padding:3px;-webkit-transition: all 700ms ease;-moz-transition: all 700ms ease;-ms-transition: all 700ms ease;-o-transition: all 700ms ease;transition: all 700ms ease;\"  data-hover_box_shadow=\"none\"     data-bg=\"#158ab1\" >[vc_custom_heading text=&#8221;Leggi di pi\u00f9\u2026&#8221; font_container=&#8221;tag:h5|text_align:center|color:%23ffffff&#8221; google_fonts=&#8221;font_family:Roboto%3A100%2C100italic%2C300%2C300italic%2Cregular%2Citalic%2C500%2C500italic%2C700%2C700italic%2C900%2C900italic|font_style:400%20regular%3A400%3Anormal&#8221;]\t\t<\/div>\t<\/a><\/div>[\/vc_column][vc_column width=&#8221;1\/4&#8243; offset=&#8221;vc_hidden-sm vc_hidden-xs&#8221;]<div class=\"ult-content-box-container \" >\t\t<div class=\"ult-content-box\" style=\"background-color:#158ab1;box-shadow: px px px px none;padding:3px;-webkit-transition: all 700ms ease;-moz-transition: all 700ms ease;-ms-transition: all 700ms ease;-o-transition: all 700ms ease;transition: all 700ms ease;\"  data-hover_box_shadow=\"none\"     data-bg=\"#158ab1\" >[vc_custom_heading text=&#8221;Materiali di consumo&#8221; font_container=&#8221;tag:h4|text_align:center|color:%23ffffff&#8221; google_fonts=&#8221;font_family:Roboto%3A100%2C100italic%2C300%2C300italic%2Cregular%2Citalic%2C500%2C500italic%2C700%2C700italic%2C900%2C900italic|font_style:400%20regular%3A400%3Anormal&#8221;]\t\t<\/div><\/div>[vc_single_image image=&#8221;17&#8243; img_size=&#8221;full&#8221;][vc_column_text]<\/p>\n<p style=\"text-align: justify;\"><span style=\"color: #000000;\">Prodotti di qualit\u00e0 e certificati a norme europee, per soddisfare le vostre esigenze tecniche ed estetiche durante corso del lavoro.<\/span><\/p>\n<p>[\/vc_column_text]<div class=\"ult-content-box-container \" >\t<a class=\"ult-content-box-anchor\" href=\"https:\/\/teknosald-vjen.com\/index.php\/materiale-konsumi\/?lang=it\" title=\"Materiali di consumo\" >\t\t<div class=\"ult-content-box\" style=\"background-color:#158ab1;box-shadow: px px px px none;padding:3px;-webkit-transition: all 700ms ease;-moz-transition: all 700ms ease;-ms-transition: all 700ms ease;-o-transition: all 700ms ease;transition: all 700ms ease;\"  data-hover_box_shadow=\"none\"     data-bg=\"#158ab1\" >[vc_custom_heading text=&#8221;Leggi di pi\u00f9\u2026&#8221; font_container=&#8221;tag:h5|text_align:center|color:%23ffffff&#8221; google_fonts=&#8221;font_family:Roboto%3A100%2C100italic%2C300%2C300italic%2Cregular%2Citalic%2C500%2C500italic%2C700%2C700italic%2C900%2C900italic|font_style:400%20regular%3A400%3Anormal&#8221;]\t\t<\/div>\t<\/a><\/div>[\/vc_column][vc_column width=&#8221;1\/4&#8243; offset=&#8221;vc_hidden-sm vc_hidden-xs&#8221;]<div class=\"ult-content-box-container \" >\t\t<div class=\"ult-content-box\" style=\"background-color:#158ab1;box-shadow: px px px px none;padding:3px;-webkit-transition: all 700ms ease;-moz-transition: all 700ms ease;-ms-transition: all 700ms ease;-o-transition: all 700ms ease;transition: all 700ms ease;\"  data-hover_box_shadow=\"none\"     data-bg=\"#158ab1\" >[vc_custom_heading text=&#8221;Parti di ricambio&#8221; font_container=&#8221;tag:h4|text_align:center|color:%23ffffff&#8221; google_fonts=&#8221;font_family:Roboto%3A100%2C100italic%2C300%2C300italic%2Cregular%2Citalic%2C500%2C500italic%2C700%2C700italic%2C900%2C900italic|font_style:400%20regular%3A400%3Anormal&#8221;]\t\t<\/div><\/div>[vc_single_image image=&#8221;18&#8243; img_size=&#8221;full&#8221;][vc_column_text]<\/p>\n<p style=\"text-align: justify;\"><span style=\"color: #000000;\">Diversi pezzi di ricambio per completare i vostri generatori di saldatura e i vostri macchinari con accessori vari in base alle esigenze.<\/span><\/p>\n<p>[\/vc_column_text]<div class=\"ult-content-box-container \" >\t<a class=\"ult-content-box-anchor\" href=\"https:\/\/teknosald-vjen.com\/index.php\/pjese-kembimi\/?lang=it\" title=\"Parti di ricambio\" >\t\t<div class=\"ult-content-box\" style=\"background-color:#158ab1;box-shadow: px px px px none;padding:3px;-webkit-transition: all 700ms ease;-moz-transition: all 700ms ease;-ms-transition: all 700ms ease;-o-transition: all 700ms ease;transition: all 700ms ease;\"  data-hover_box_shadow=\"none\"     data-bg=\"#158ab1\" >[vc_custom_heading text=&#8221;Leggi di pi\u00f9\u2026&#8221; font_container=&#8221;tag:h5|text_align:center|color:%23ffffff&#8221; google_fonts=&#8221;font_family:Roboto%3A100%2C100italic%2C300%2C300italic%2Cregular%2Citalic%2C500%2C500italic%2C700%2C700italic%2C900%2C900italic|font_style:400%20regular%3A400%3Anormal&#8221;]\t\t<\/div>\t<\/a><\/div>[\/vc_column][\/vc_row][vc_row][vc_column offset=&#8221;vc_hidden-lg vc_hidden-md&#8221;]<div class=\"ult-content-box-container \" >\t\t<div class=\"ult-content-box\" style=\"background-color:#158ab1;box-shadow: px px px px none;padding:3px;-webkit-transition: all 700ms ease;-moz-transition: all 700ms ease;-ms-transition: all 700ms ease;-o-transition: all 700ms ease;transition: all 700ms ease;\"  data-hover_box_shadow=\"none\"     data-bg=\"#158ab1\" >[vc_custom_heading text=&#8221;Macchine per la lavo. del met&#8221; font_container=&#8221;tag:h4|text_align:center|color:%23ffffff&#8221; google_fonts=&#8221;font_family:Roboto%3A100%2C100italic%2C300%2C300italic%2Cregular%2Citalic%2C500%2C500italic%2C700%2C700italic%2C900%2C900italic|font_style:400%20regular%3A400%3Anormal&#8221;]\t\t<\/div><\/div>[vc_single_image image=&#8221;16&#8243; img_size=&#8221;full&#8221; alignment=&#8221;center&#8221;][vc_column_text]<\/p>\n<p style=\"text-align: center;\"><span style=\"color: #000000;\">Macchinari di ultima generazione nuovi oppure usati, per ogni processo e allo scopo di sodisfare tutte le esigenze del processo lavorativo.<\/span><\/p>\n<p>[\/vc_column_text][vc_custom_heading text=&#8221;Leggi di pi\u00f9\u2026&#8221; font_container=&#8221;tag:h5|text_align:center|color:%23158ab1&#8243; google_fonts=&#8221;font_family:Roboto%3A100%2C100italic%2C300%2C300italic%2Cregular%2Citalic%2C500%2C500italic%2C700%2C700italic%2C900%2C900italic|font_style:400%20regular%3A400%3Anormal&#8221; link=&#8221;url:https%3A%2F%2Fteknosald-vjen.com%2Findex.php%2Fmakineri-perpunimi-metali%2F%3Flang%3Dit|title:Macchine%20per%20la%20lavorazione%20del%20metallo||&#8221;][vc_empty_space height=&#8221;82px&#8221;]<div class=\"ult-content-box-container \" >\t\t<div class=\"ult-content-box\" style=\"background-color:#158ab1;box-shadow: px px px px none;padding:3px;-webkit-transition: all 700ms ease;-moz-transition: all 700ms ease;-ms-transition: all 700ms ease;-o-transition: all 700ms ease;transition: all 700ms ease;\"  data-hover_box_shadow=\"none\"     data-bg=\"#158ab1\" >[vc_custom_heading text=&#8221;Generatori di sald. e taglio&#8221; font_container=&#8221;tag:h4|text_align:center|color:%23ffffff&#8221; google_fonts=&#8221;font_family:Roboto%3A100%2C100italic%2C300%2C300italic%2Cregular%2Citalic%2C500%2C500italic%2C700%2C700italic%2C900%2C900italic|font_style:400%20regular%3A400%3Anormal&#8221;]\t\t<\/div><\/div>[vc_single_image image=&#8221;19&#8243; img_size=&#8221;full&#8221; alignment=&#8221;center&#8221;][vc_column_text]<\/p>\n<p style=\"text-align: center;\"><span style=\"color: #000000;\">Generatori di alta qualit\u00e0 per tutti i tipi di saldatura o taglio. Efficienza tecnica, massimo risultato con il minimo di costo.<\/span><\/p>\n<p>[\/vc_column_text][vc_custom_heading text=&#8221;Leggi di pi\u00f9\u2026&#8221; font_container=&#8221;tag:h5|text_align:center|color:%23158ab1&#8243; google_fonts=&#8221;font_family:Roboto%3A100%2C100italic%2C300%2C300italic%2Cregular%2Citalic%2C500%2C500italic%2C700%2C700italic%2C900%2C900italic|font_style:400%20regular%3A400%3Anormal&#8221; link=&#8221;url:https%3A%2F%2Fteknosald-vjen.com%2Findex.php%2Fgjeneratore-saldimi-prerje%2F%3Flang%3Dit|title:Generatori%20di%20saldatura%20e%20taglio||&#8221;][vc_empty_space height=&#8221;82px&#8221;]<div class=\"ult-content-box-container \" >\t\t<div class=\"ult-content-box\" style=\"background-color:#158ab1;box-shadow: px px px px none;padding:3px;-webkit-transition: all 700ms ease;-moz-transition: all 700ms ease;-ms-transition: all 700ms ease;-o-transition: all 700ms ease;transition: all 700ms ease;\"  data-hover_box_shadow=\"none\"     data-bg=\"#158ab1\" >[vc_custom_heading text=&#8221;Materiali di consumo&#8221; font_container=&#8221;tag:h4|text_align:center|color:%23ffffff&#8221; google_fonts=&#8221;font_family:Roboto%3A100%2C100italic%2C300%2C300italic%2Cregular%2Citalic%2C500%2C500italic%2C700%2C700italic%2C900%2C900italic|font_style:400%20regular%3A400%3Anormal&#8221;]\t\t<\/div><\/div>[vc_single_image image=&#8221;17&#8243; img_size=&#8221;full&#8221; alignment=&#8221;center&#8221;][vc_column_text]<\/p>\n<p style=\"text-align: center;\"><span style=\"color: #000000;\">Prodotti di qualit\u00e0 e certificati a norme europee, per soddisfare le vostre esigenze tecniche ed estetiche durante corso del lavoro.<\/span><\/p>\n<p>[\/vc_column_text][vc_custom_heading text=&#8221;Leggi di pi\u00f9\u2026&#8221; font_container=&#8221;tag:h5|text_align:center|color:%23158ab1&#8243; google_fonts=&#8221;font_family:Roboto%3A100%2C100italic%2C300%2C300italic%2Cregular%2Citalic%2C500%2C500italic%2C700%2C700italic%2C900%2C900italic|font_style:400%20regular%3A400%3Anormal&#8221; link=&#8221;url:https%3A%2F%2Fteknosald-vjen.com%2Findex.php%2Fmateriale-konsumi%2F%3Flang%3Dit|title:Materiali%20di%20consumo||&#8221;][vc_empty_space height=&#8221;82px&#8221;]<div class=\"ult-content-box-container \" >\t\t<div class=\"ult-content-box\" style=\"background-color:#158ab1;box-shadow: px px px px none;padding:3px;-webkit-transition: all 700ms ease;-moz-transition: all 700ms ease;-ms-transition: all 700ms ease;-o-transition: all 700ms ease;transition: all 700ms ease;\"  data-hover_box_shadow=\"none\"     data-bg=\"#158ab1\" >[vc_custom_heading text=&#8221;Parti di ricambio&#8221; font_container=&#8221;tag:h4|text_align:center|color:%23ffffff&#8221; google_fonts=&#8221;font_family:Roboto%3A100%2C100italic%2C300%2C300italic%2Cregular%2Citalic%2C500%2C500italic%2C700%2C700italic%2C900%2C900italic|font_style:400%20regular%3A400%3Anormal&#8221;]\t\t<\/div><\/div>[vc_single_image image=&#8221;18&#8243; img_size=&#8221;full&#8221; alignment=&#8221;center&#8221;][vc_column_text]<\/p>\n<p style=\"text-align: center;\"><span style=\"color: #000000;\">Diversi pezzi di ricambio per completare i vostri generatori di saldatura e i vostri macchinari con accessori vari in base alle esigenze.<\/span><\/p>\n<p>[\/vc_column_text][vc_custom_heading text=&#8221;Leggi di pi\u00f9\u2026&#8221; font_container=&#8221;tag:h5|text_align:center|color:%23158ab1&#8243; google_fonts=&#8221;font_family:Roboto%3A100%2C100italic%2C300%2C300italic%2Cregular%2Citalic%2C500%2C500italic%2C700%2C700italic%2C900%2C900italic|font_style:400%20regular%3A400%3Anormal&#8221; link=&#8221;url:https%3A%2F%2Fteknosald-vjen.com%2Findex.php%2Fpjese-kembimi%2F%3Flang%3Dit|title:Parti%20di%20ricambio||&#8221;][\/vc_column][\/vc_row][vc_row][vc_column][vc_empty_space height=&#8221;82px&#8221;][\/vc_column][\/vc_row][vc_row][vc_column width=&#8221;1\/2&#8243;][vc_custom_heading text=&#8221;LA NOSTRA QUALITA \u2018&#8221; font_container=&#8221;tag:h2|font_size:36px|text_align:center|color:%23158ab1&#8243; google_fonts=&#8221;font_family:Roboto%3A100%2C100italic%2C300%2C300italic%2Cregular%2Citalic%2C500%2C500italic%2C700%2C700italic%2C900%2C900italic|font_style:700%20bold%20regular%3A700%3Anormal&#8221;][vc_separator color=&#8221;custom&#8221; accent_color=&#8221;#158ab1&#8243;][vc_row_inner][vc_column_inner width=&#8221;1\/3&#8243; offset=&#8221;vc_hidden-sm vc_hidden-xs&#8221;][vc_single_image image=&#8221;317&#8243; img_size=&#8221;medium&#8221;][\/vc_column_inner][vc_column_inner width=&#8221;2\/3&#8243;][vc_column_text]<\/p>\n<h3><span style=\"color: #158ab1;\">Teknosadl Vjen offre ai suoi clienti i pi\u00f9 alti standardi di qualit\u00e0 in ogni fase dello sviluppo del vostro business.<\/span><\/h3>\n<p>[\/vc_column_text]<div class=\" ubtn-ctn-left \"><a class=\"ubtn-link ult-adjust-bottom-margin ubtn-left ubtn-mini \" href=\"http:\/\/www.corsisaldatura.it\/\" ><button type=\"button\" id=\"ubtn-5170\"  class=\"ubtn ult-adjust-bottom-margin ult-responsive ubtn-mini ubtn-no-hover-bg  none  ubtn-left   tooltip-69f0b6160e9e6\"  data-hover=\"\" data-border-color=\"\" data-bg=\"#e0e0e0\" data-hover-bg=\"\" data-border-hover=\"\" data-shadow-hover=\"\" data-shadow-click=\"none\" data-shadow=\"\" data-shd-shadow=\"\"  data-ultimate-target='#ubtn-5170'  data-responsive-json-new='{\"font-size\":\"\",\"line-height\":\"\"}'  style=\"font-weight:normal;border:none;background: #e0e0e0;color: #000000;\"><span class=\"ubtn-hover\" style=\"background-color:\"><\/span><span class=\"ubtn-data ubtn-text \" >Maggiori informazioni<\/span><\/button><\/a><\/div>[\/vc_column_inner][\/vc_row_inner][\/vc_column][vc_column width=&#8221;1\/2&#8243;][vc_custom_heading text=&#8221;PERCH\u00c9 NOI?&#8221; font_container=&#8221;tag:h2|font_size:36px|text_align:center|color:%23158ab1&#8243; google_fonts=&#8221;font_family:Roboto%3A100%2C100italic%2C300%2C300italic%2Cregular%2Citalic%2C500%2C500italic%2C700%2C700italic%2C900%2C900italic|font_style:700%20bold%20regular%3A700%3Anormal&#8221;][vc_separator color=&#8221;custom&#8221; accent_color=&#8221;#158ab1&#8243;][vc_row_inner][vc_column_inner width=&#8221;1\/2&#8243;]<div class=\"aio-icon-component    style_2\"><div id=\"Info-box-wrap-8437\" class=\"aio-icon-box default-icon\" style=\"\"  ><div class=\"aio-icon-default\"><div class=\"ult-just-icon-wrapper  \"><div class=\"align-icon\" style=\"text-align:center;\">\n<div class=\"aio-icon-img  uavc-circle \" style=\"font-size:28px;background:#ff7226;display:inline-block;\" >\n\t<img decoding=\"async\" class=\"img-icon\" alt=\"null\" src=\"https:\/\/teknosald-vjen.com\/wp-content\/uploads\/2019\/05\/analysis.png\"\/>\n<\/div><\/div><\/div><\/div><div class=\"aio-icon-header\" ><h3 class=\"aio-icon-title ult-responsive\"  data-ultimate-target='#Info-box-wrap-8437 .aio-icon-title'  data-responsive-json-new='{\"font-size\":\"desktop:23px;\",\"line-height\":\"\"}'  style=\"color:#158ab1;\">Analizziamo la vostra richiesta.<\/h3><\/div> <!-- header --><\/div> <!-- aio-icon-box --><\/div> <!-- aio-icon-component --><div class=\"aio-icon-component    style_2\"><div id=\"Info-box-wrap-7609\" class=\"aio-icon-box default-icon\" style=\"\"  ><div class=\"aio-icon-default\"><div class=\"ult-just-icon-wrapper  \"><div class=\"align-icon\" style=\"text-align:center;\">\n<div class=\"aio-icon-img  uavc-circle \" style=\"font-size:28px;background:#ff7226;display:inline-block;\" >\n\t<img decoding=\"async\" class=\"img-icon\" alt=\"null\" src=\"https:\/\/teknosald-vjen.com\/wp-content\/uploads\/2019\/05\/settings-work-tool.png\"\/>\n<\/div><\/div><\/div><\/div><div class=\"aio-icon-header\" ><h3 class=\"aio-icon-title ult-responsive\"  data-ultimate-target='#Info-box-wrap-7609 .aio-icon-title'  data-responsive-json-new='{\"font-size\":\"desktop:23px;\",\"line-height\":\"\"}'  style=\"color:#158ab1;\">Programiamo la soluzione giusta.<\/h3><\/div> <!-- header --><\/div> <!-- aio-icon-box --><\/div> <!-- aio-icon-component --><div class=\"aio-icon-component    style_2\"><div id=\"Info-box-wrap-8970\" class=\"aio-icon-box default-icon\" style=\"\"  ><div class=\"aio-icon-default\"><div class=\"ult-just-icon-wrapper  \"><div class=\"align-icon\" style=\"text-align:center;\">\n<div class=\"aio-icon-img  uavc-circle \" style=\"font-size:28px;background:#ff7226;display:inline-block;\" >\n\t<img decoding=\"async\" class=\"img-icon\" alt=\"null\" src=\"https:\/\/teknosald-vjen.com\/wp-content\/uploads\/2019\/05\/shield.png\"\/>\n<\/div><\/div><\/div><\/div><div class=\"aio-icon-header\" ><h3 class=\"aio-icon-title ult-responsive\"  data-ultimate-target='#Info-box-wrap-8970 .aio-icon-title'  data-responsive-json-new='{\"font-size\":\"desktop:23px;\",\"line-height\":\"\"}'  style=\"color:#158ab1;\">Offriamo qualit\u00e0 e garanzia<\/h3><\/div> <!-- header --><\/div> <!-- aio-icon-box --><\/div> <!-- aio-icon-component -->[\/vc_column_inner][vc_column_inner width=&#8221;1\/2&#8243; offset=&#8221;vc_hidden-sm vc_hidden-xs&#8221;]<div class=\"aio-icon-component  vc_custom_1558531027229   style_1\"><div id=\"Info-box-wrap-6423\" class=\"aio-icon-box default-icon\" style=\"\"  ><div class=\"aio-icon-default\"><div class=\"ult-just-icon-wrapper  \"><div class=\"align-icon\" style=\"text-align:center;\">\n<div class=\"aio-icon-img \" style=\"font-size:106px;display:inline-block;\" >\n\t<img decoding=\"async\" class=\"img-icon\" alt=\"null\" src=\"https:\/\/teknosald-vjen.com\/wp-content\/uploads\/2019\/05\/icon-questionmark.png\"\/>\n<\/div><\/div><\/div><\/div><\/div> <!-- aio-icon-box --><\/div> <!-- aio-icon-component -->[\/vc_column_inner][\/vc_row_inner][\/vc_column][\/vc_row]<\/p>\n<\/div>","protected":false},"excerpt":{"rendered":"<p>[vc_row][vc_column][vc_custom_heading text=&#8221;NOI PROGETTIAMO LA RISOLUZIONE COMUNE&#8221; font_container=&#8221;tag:h2|font_size:24px|text_align:center|color:%23158ab1&#8243; google_fonts=&#8221;font_family:Roboto%3A100%2C100italic%2C300%2C300italic%2Cregular%2Citalic%2C500%2C500italic%2C700%2C700italic%2C900%2C900italic|font_style:700%20bold%20regular%3A700%3Anormal&#8221;][vc_empty_space height=&#8221;15px&#8221;][vc_column_text] Teknosald Vjen sh.p.k \u00e8 una societ\u00e0 che opera nel mercato Albanese dal 2007 nel campio del commercio di vari materiali di saldatura e macchinari industriali di ogni genere. La nostra gama di prodotti e\u2019 composta da parti per il plasma, TIG, MIG, Arco sommerso, tutti i&hellip;<\/p>\n","protected":false},"author":3,"featured_media":0,"parent":0,"menu_order":0,"comment_status":"closed","ping_status":"closed","template":"","meta":{"footnotes":""},"class_list":["post-314","page","type-page","status-publish","hentry","description-off"],"_links":{"self":[{"href":"https:\/\/teknosald-vjen.com\/index.php\/wp-json\/wp\/v2\/pages\/314","targetHints":{"allow":["GET"]}}],"collection":[{"href":"https:\/\/teknosald-vjen.com\/index.php\/wp-json\/wp\/v2\/pages"}],"about":[{"href":"https:\/\/teknosald-vjen.com\/index.php\/wp-json\/wp\/v2\/types\/page"}],"author":[{"embeddable":true,"href":"https:\/\/teknosald-vjen.com\/index.php\/wp-json\/wp\/v2\/users\/3"}],"replies":[{"embeddable":true,"href":"https:\/\/teknosald-vjen.com\/index.php\/wp-json\/wp\/v2\/comments?post=314"}],"version-history":[{"count":3,"href":"https:\/\/teknosald-vjen.com\/index.php\/wp-json\/wp\/v2\/pages\/314\/revisions"}],"predecessor-version":[{"id":392,"href":"https:\/\/teknosald-vjen.com\/index.php\/wp-json\/wp\/v2\/pages\/314\/revisions\/392"}],"wp:attachment":[{"href":"https:\/\/teknosald-vjen.com\/index.php\/wp-json\/wp\/v2\/media?parent=314"}],"curies":[{"name":"wp","href":"https:\/\/api.w.org\/{rel}","templated":true}]}}